the remainder when 134228 is divided by 26?
16
Calculate the remainder when 208735 is divided by 65.
20
Calculate the remainder when 1129 is divided by 967.
162
What is the remainder when 49026 is divided by 344?
178
Calculate the remainder when 184282 is divided by 6.
4
What is the remainder when 37957 is divided by 18870?
217
What is the remainder when 668 is divided by 601?
67
What is the remainder when 141985 is divided by 434?
67
What is the remainder when 62175 is divided by 30994?
187
What is the remainder when 11879 is divided by 24?
23
What is the remainder when 25662 is divided by 1219?
63
Calculate the remainder when 2763 is divided by 526.
133
Calculate the remainder when 152472 is divided by 197.
191
What is the remainder when 6923 is divided by 1832?
1427
Calculate the remainder when 18401 is divided by 263.
254
What is the remainder when 233399 is divided by 18?
11
What is the remainder when 3802 is divided by 258?
190
Calculate the remainder when 272446 is divided by 22.
20
Calculate the remainder when 234040 is divided by 1147.
52
What is the remainder when 40090 is divided by 11?
6
Calculate the remainder when 127507 is divided by 146.
49
Calculate the remainder when 347116 is divided by 1411.
10
What is the remainder when 9 is divided by 7?
2
Calculate the remainder when 13008 is divided by 11762.
1246
Calculate the remainder when 56660 is divided by 1442.
422
What is the remainder when 30791 is divided by 581?
579
What is the remainder when 7988 is divided by 107?
70
Calculate the remainder when 606994 is divided by 302.
276
Calculate the remainder when 2702877 is divided by 9.
6
What is the remainder when 15179 is divided by 14367?
812
What is the remainder when 20916 is divided by 20786?
130
Calculate the remainder when 1875 is divided by 223.
91
What is the remainder when 2013 is divided by 266?
151
Calculate the remainder when 31718 is divided by 10572.
2
Calculate the remainder when 25361 is divided by 362.
21
What is the remainder when 6962023 is divided by 35?
33
What is the remainder when 76761 is divided by 3070?
11
Calculate the remainder when 5546 is divided by 56.
2
What is the remainder when 9475 is divided by 4721?
33
What is the remainder when 1262934 is divided by 8?
6
Calculate the remainder when 607 is divided by 466.
141
What is the remainder when 1244 is divided by 441?
362
Calculate the remainder when 14218 is divided by 4731.
25
Calculate the remainder when 4116 is divided by 319.
288
Calculate the remainder when 109156 is divided by 141.
22
Calculate the remainder when 10179 is divided by 100.
79
What is the remainder when 38915 is divided by 7724?
295
What is the remainder when 261 is divided by 135?
126
What is the remainder when 93390 is divided by 70?
10
What is the remainder when 27473 is divided by 20?
13
What is the remainder when 8122 is divided by 8106?
16
What is the remainder when 437 is divided by 401?
36
What is the remainder when 16664 is divided by 51?
38
Calculate the remainder when 507 is divided by 65.
52
Calculate the remainder when 1369 is divided by 133.
39
Calculate the remainder when 241656 is divided by 60403.
44
Calculate the remainder when 52222 is divided by 309.
1
What is the remainder when 15175 is divided by 230?
225
What is the remainder when 23860 is divided by 101?
24
What is the remainder when 1300717 is divided by 19128?
13
Calculate the remainder when 40876 is divided by 20389.
98
What is the remainder when 34664 is divided by 17325?
14
Calculate the remainder when 2292 is divided by 748.
48
What is the remainder when 38320 is divided by 236?
88
Calculate the remainder when 104554 is divided by 188.
26
Calculate the remainder when 27716 is divided by 72.
68
Calculate the remainder when 15502 is divided by 189.
4
Calculate the remainder when 4390 is divided by 159.
97
Calculate the remainder when 1212190 is divided by 184.
182
What is the remainder when 57286 is divided by 44?
42
What is the remainder when 2511 is divided by 874?
763
What is the remainder when 3656 is divided by 411?
368
Calculate the remainder when 28595 is divided by 186.
137
Calculate the remainder when 10946 is divided by 1333.
282
Calculate the remainder when 3763 is divided by 45.
28
What is the remainder when 1129 is divided by 295?
244
Calculate the remainder when 134231 is divided by 238.
237
What is the remainder when 23108 is divided by 7?
1
What is the remainder when 263041 is divided by 14?
9
Calculate the remainder when 141260 is divided by 123.
56
Calculate the remainder when 34608 is divided by 17289.
30
What is the remainder when 3422364 is divided by 13?
10
What is the remainder when 36928 is divided by 7380?
28
What is the remainder when 9294 is divided by 272?
46
What is the remainder when 47569 is divided by 626?
619
What is the remainder when 1940844 is divided by 52?
48
What is the remainder when 301 is divided by 114?
73
What is the remainder when 11285 is divided by 85?
65
What is the remainder when 267795 is divided by 206?
201
What is the remainder when 6621 is divided by 86?
85
Calculate the remainder when 8398 is divided by 168.
166
What is the remainder when 7923156 is divided by 14?
10
What is the remainder when 19055 is divided by 172?
135
Calculate the remainder when 22314 is divided by 4426.
184
Calculate the remainder when 66043 is divided by 2539.
29
Calculate the remainder when 1932 is divided by 1457.
475
What is the remainder when 1015834 is divided by 19?
18
Calculate the remainder when 1634 is divided by 71.
1
Calculate the remainder when 5592 is divided by 155.
12
What is the remainder when 16220 is divided by 916?
648
What is the remainder when 15796 is divided by 223?
186
Calculate the remainder when 16912 is divided by 109.
17
What is the remainder when 1302 is divided by 618?
66
What is the remainder when 14244 is divided by 81?
69
Calculate the remainder when 49204 is divided by 75.
4
Calculate the remainder when 55491 is divided by 14.
9
Calculate the remainder when 17337 is divided by 92.
41
What is the remainder when 8717 is divided by 2890?
47
Calculate the remainder when 9067 is divided by 681.
214
Calculate the remainder when 1379 is divided by 6.
5
Calculate the remainder when 22653 is divided by 59.
56
Calculate the remainder when 14573 is divided by 20.
13
What is the remainder when 153088 is divided by 105?
103
What is the remainder when 22013 is divided by 2444?
17
Calculate the remainder when 3915 is divided by 186.
9
What is the remainder when 71209 is divided by 1295?
1279
What is the remainder when 65737 is divided by 264?
1
Calculate the remainder when 1714576 is divided by 13.
6
Calculate the remainder when 15488 is divided by 43.
8
What is the remainder when 352766 is divided by 512?
510
What is the remainder when 113785 is divided by 1896?
25
Calculate the remainder when 35702 is divided by 33.
29
What is the remainder when 2980 is divided by 478?
112
What is the remainder when 5128 is divided by 1678?
94
Calculate the remainder when 1087 is divided by 98.
9
Calculate the remainder when 213 is divided by 33.
15
Calculate the remainder when 1338 is divided by 327.
30
What is the remainder when 24393 is divided by 16?
9
What is the remainder when 19356 is divided by 716?
24
Calculate the remainder when 14369 is divided by 12.
5
Calculate the remainder when 5653 is divided by 2815.
23
Calculate the remainder when 58603 is divided by 88.
83
What is the remainder when 7096 is divided by 373?
9
What is the remainder when 454216 is divided by 260?
256
Calculate the remainder when 39335 is divided by 26.
23
Calculate the remainder when 10851 is divided by 1202.
33
Calculate the remainder when 32647 is divided by 16322.
3
What is the remainder when 55035 is divided by 283?
133
What is the remainder when 13082 is divided by 64?
26
Calculate the remainder when 13438 is divided by 395.
8
Calculate the remainder when 6704 is divided by 270.
224
Calculate the remainder when 1071 is divided by 79.
44
What is the remainder when 73922 is divided by 54?
50
Calculate the remainder when 1097165 is divided by 453.
452
Calculate the remainder when 43614 is divided by 43571.
43
Calculate the remainder when 541 is divided by 78.
73
Calculate the remainde